t is 41525 (base 7) in base 15?
305b
What is 2033 (base 4) in base 7?
263
Convert -481 (base 9) to base 3.
-112201
15a7 (base 15) to base 14
19a9
-27614 (base 8) to base 3
-121200211
33110 (base 5) to base 3
10010110
-26c (base 15) to base 8
-1050
What is -200001 (base 3) in base 15?
-227
-5945 (base 10) to base 4
-1130321
7759 (base 11) to base 9
15024
Convert 4555 (base 6) to base 7.
3101
Convert -11633 (base 7) to base 2.
-101111110110
Convert 320444 (base 5) to base 16.
29fd
What is 1319 (base 11) in base 8?
3262
134231 (base 5) to base 10
5566
Convert -131 (base 6) to base 9.
-61
What is 369 (base 13) in base 3?
211000
100024 (base 5) to base 7
12103
Convert 12910 (base 10) to base 2.
11001001101110
Convert 13011321 (base 4) to base 8.
70571
What is 1513 (base 7) in base 8?
1126
Convert -1ed (base 16) to base 7.
-1303
-1111320 (base 4) to base 6
-41240
What is -20403 (base 5) in base 12?
-949
What is 361 (base 9) in base 11?
251
What is -4e78 (base 16) in base 9?
-30500
1425 (base 7) to base 11
468
Convert 1043 (base 8) to base 4.
20203
What is -364 (base 12) in base 9?
-624
Convert 24a3 (base 12) to base 14.
172b
Convert 223101 (base 4) to base 3.
10210120
1210230 (base 4) to base 14
24c4
12946 (base 13) to base 2
1000011011100110
What is -23022 (base 7) in base 14?
-21b9
Convert 10041 (base 5) to base 13.
3a9
-460 (base 9) to base 5
-3003
a118 (base 12) to base 7
101600
What is 4534 (base 6) in base 3?
1110111
What is -77 (base 14) in base 11?
-96
-2110110110 (base 3) to base 15
-e550
-1010101 (base 3) to base 12
-584
Convert 4d8e (base 15) to base 2.
100000010101111
What is -1400 (base 5) in base 7?
-441
What is -1313 (base 6) in base 12?
-239
Convert -12ef (base 16) to base 12.
-297b
105332 (base 6) to base 15
29de
1010012221 (base 3) to base 14
8058
Convert -203232 (base 5) to base 2.
-1101000100100
Convert 4c69 (base 13) to base 16.
2a97
302411 (base 5) to base 16
2603
Convert 1211014 (base 6) to base 11.
43977
Convert 17dd (base 14) to base 6.
31543
What is 2000201 (base 3) in base 11?
1123
Convert 11000000101110 (base 2) to base 10.
12334
Convert -122044 (base 7) to base 12.
-10b07
What is -1120 (base 10) in base 13?
-682
-141331 (base 5) to base 8
-13321
Convert -129 (base 14) to base 2.
-11101001
321013 (base 4) to base 13
1882
What is -a735 (base 11) in base 14?
-525d
What is 8539 (base 12) in base 9?
22010
Convert 2c61 (base 13) to base 7.
24645
1110100000000110 (base 2) to base 7
335113
2032103 (base 5) to base 4
20021323
What is 165 (base 12) in base 15?
eb
11101011011 (base 2) to base 9
2522
What is -10321 (base 8) in base 14?
-17d7
-67f (base 16) to base 3
-2021121
Convert -29a0 (base 11) to base 3.
-12022000
Convert -112243 (base 5) to base 4.
-333221
Convert -14e (base 16) to base 8.
-516
Convert 28230 (base 9) to base 12.
b0b3
Convert 261 (base 14) to base 15.
21c
Convert -10103 (base 6) to base 3.
-1211110
Convert 100000021 (base 3) to base 4.
1212220
What is 10100011 (base 2) in base 8?
243
Convert 3968 (base 14) to base 8.
23550
Convert 4140 (base 7) to base 2.
10110101001
What is -5165 (base 9) in base 6?
-25305
What is -10110322 (base 4) in base 16?
-453a
What is -32581 (base 9) in base 16?
-5473
What is -100101 (base 2) in base 15?
-27
What is 404232 (base 5) in base 3?
122220222
-15161 (base 12) to base 16
-7399
Convert -377 (base 13) to base 14.
-313
What is 1066 (base 7) in base 14?
1dd
-9441 (base 10) to base 3
-110221200
What is -cc6 (base 15) in base 10?
-2886
-242b (base 14) to base 10
-6311
3fb9 (base 16) to base 6
203305
2300120 (base 4) to base 15
3528
What is -a26 (base 11) in base 8?
-2326
What is 100102 (base 4) in base 2?
10000010010
18629 (base 10) to base 13
8630
1644 (base 14) to base 16
f8c
26012 (base 7) to base 2
1101011010101
What is -1023 (base 7) in base 12?
-260
What is -11423 (base 6) in base 2?
-11010000111
Convert -44505 (base 6) to base 12.
-3735
Convert 1d9 (base 14) to base 7.
1062
Convert -1021000002 (base 3) to base 16.
-60d4
Convert -341 (base 16) to base 14.
-437
Convert -1001000010011111 (base 2) to base 12.
-19513
What is -3135 (base 6) in base 15?
-322
10111021 (base 3) to base 2
100111110001
-101666 (base 7) to base 14
-6536
What is -101031 (base 4) in base 3?
-1111210
10011010001100110 (base 2) to base 6
1405302
What is 10110011101110 (base 2) in base 7?
45351
What is -251 (base 7) in base 10?
-134
-530 (base 9) to base 3
-121000
What is 10001111011011100 (base 2) in base 13?
2756c
bdca (base 14) to base 13
11c97
Convert 2608 (base 9) to base 6.
13012
Convert -105215 (base 8) to base 6.
-432113
Convert 100101011011 (base 2) to base 5.
34040
What is 17ba9 (base 12) in base 8?
103361
Convert 17246 (base 10) to base 15.
519b
What is 425 (base 11) in base 16?
1ff
-102222 (base 3) to base 12
-22b
52426 (base 7) to base 6
135431
Convert 3687 (base 11) to base 9.
6538
What is b0b3 (base 12) in base 16?
4ac7
Convert -2024 (base 7) to base 4.
-23000
448 (base 10) to base 16
1c0
What is 3a4 (base 16) in base 3?
1021112
1702 (base 12) to base 9
3672
Convert -568 (base 16) to base 14.
-70c
Convert 3b9 (base 14) to base 4.
23233
1450 (base 13) to base 15
d0d
Convert 1020201001 (base 3) to base 10.
24571
-55470 (base 8) to base 13
-a824
1322 (base 13) to base 15
c22
Convert b3b (base 15) to base 14.
ccb
-23116 (base 7) to base 5
-142033
110100 (base 2) to base 5
202
Convert 1596 (base 13) to base 4.
301131
Convert -1065 (base 7) to base 2.
-110000110
Convert -8124 (base 9) to base 3.
-22010211
Convert -1300144 (base 5) to base 8.
-60731
Convert -1624 (base 14) to base 5.
-111302
What is 2137 (base 14) in base 5?
140413
-112 (base 3) to base 6
-22
What is 740 (base 13) in base 6?
5415
-12523 (base 7) to base 8
-6425
48 (base 10) to base 12
40
What is 220221 (base 3) in base 16?
2a1
Convert -22240 (base 5) to base 14.
-802
What is 1033024 (base 5) in base 9?
26476
What is -4266 (base 7) in base 9?
-2066
What is 309 (base 15) in base 16?
2ac
Convert 2330 (base 10) to base 12.
1422
Convert -3201030 (base 4) to base 7.
-60006
-12323 (base 4) to base 13
-281
Convert 36501 (base 12) to base 10.
73297
Convert -1344 (base 5) to base 12.
-168
Convert 1010110011011 (base 2) to base 14.
2031
What is 10203 (base 4) in base 10?
291
What is 11100100000111 (base 2) in base 15?
44d4
What is -151414 (base 8) in base 3?
-2202010001
What is -11101100010 (base 2) in base 16?
-762
Convert 7a42 (base 13) to base 12.
9aab
11126 (base 7) to base 5
42223
508 (base 13) to base 4
31111
-100001011 (base 2) to base 4
-10023
What is 436 (base 12) in base 10?
618
Convert -148a3 (base 13) to base 3.
-1222021022
101000011001 (base 2) to base 13
123b
Convert 2ca (base 15) to base 3.
212201
73063 (base 10) to base 9
121201
What is 1312213 (base 4) in base 5?
220331
What is -13131 (base 8) in base 12?
-3389
Convert -a5 (base 16) to base 3.
-20010
What is -7061 (base 9) in base 2?
-1010000100110
What is 97 (base 15) in base 14?
a2
What is -75 (base 15) in base 6?
-302
Convert -23210023 (base 4) to base 16.
-b90b
Convert -43323 (base 5) to base 8.
-5623
567 (base 8) to base 15
1a0
Convert -33463 (base 7) to base 2.
-10000100011001
What is -402 (base 5) in base 2?
-1100110
Convert -397a8 (base 11) to base 3.
-2220000012
Convert 390 (base 15) to base 7.
2235
577 (base 11) to base 2
1010110001
Convert -10042 (base 5) to base 15.
-2d2
Convert -822 (base 12) to base 14.
-602
What is 490 (base 10) in base 12?
34a
What is 102011222 (base 3) in base 9?
12158
What is -611 (base 7) in base 13?
-1a3
Convert -cc89 (base 15) to base 2.
-1010100101000001
Convert -1ee2 (base 15) to base 11.
-5075
What is 101221 (base 3) in base 15?
14a
What is -21110 (base 3) in base 13?
-126
-1104 (base 16) to base 14
-1832
Convert -204166 (base 7) to base 8.
-104413
What is -34d4 (base 15) in base 16?
-2bd8
3010034 (base 5) to base 13
18824
Convert 100010100 (base 2) to base 5.
2101
Convert -10100120021 (base 3) to base 5.
-4103042
66645 (base 7) to base 8
40627
Convert -516 (base 8) to base 2.
-101001110
What is 136 (base 14) in base 12?
184
-434 (base 12) to base 15
-2b1
-18236 (base 10) to base 11
-12779
-699 (base 13) to base 10
-1140
What is 22104 (base 5) in base 6?
11025
Convert 25613 (base 8) to base 4.
2232023
Convert 3125 (base 6) to base 10.